-34
Let q = -86 + 45. Let o = 41 + q. Suppose o = -4*x + x - 3. Let i(s) = 15*s - 1. Give i(x).
-16
Suppose 50*w + 714 = -w. Let r(k) = -k**2 - 15*k - 15. Give r(w).
-1
Suppose -2*v + 34 = 4*w + 14, -2*v + 12 = 2*w. Let p(x) = v*x**2 - 3*x - 1 + 0*x**2 + 5*x - 3*x**2. Give p(3).
-4
Let m(f) = 2 + 3105*f + 2*f**2 + 3101*f - 6198*f. Calculate m(-4).
2
Let c(v) = -v**3 - 8*v**2 - 3*v - 18. Let a = 35681 + -35689. Determine c(a).
6
Let t(b) = -b**2. Let i(l) = l + 31 + 8*l + 7*l**2 - 27. Let q(d) = -i(d) - 6*t(d). Suppose 10 = 3*p + 1, 4*r = 2*p - 22. Give q(r).
16
Let c(p) = p**3 - 3*p**2 + 9*p + 9. Let q = -6245 - -6249. What is c(q)?
61
Let h(j) = -4*j - 26. Let n be h(-2). Let v be 1*((-6)/n)/((-1)/3). Let g(a) = -a + 4*a - 2*a + 4*a**2. What is g(v)?
3
Let x(u) = 17*u - 624. Let h be x(36). Let r(j) = 3*j**2 + 34*j - 19. What is r(h)?
5
Let s(v) = 74*v + 3395. Let a be s(-46). Let x(k) = 8*k + 78. Give x(a).
6
Let s be ((-10)/(-72)*12)/(5 - (-255)/(-54)). Let q(x) = 7*x**2 + 8 + 0*x - 6*x + 0*x**3 - x**3. Determine q(s).
8
Let f(j) = j**3 + 5*j**2 - 4*j + 8. Suppose -45*a + 1120 = 35*a. Suppose g = 4*g + 60. Let r = a + g. What is f(r)?
-4
Let y(w) = -10*w - 95. Let c(u) = -3 + 3*u + 11*u - 4 - 11 - 16*u. Let p(j) = 11*c(j) - 2*y(j). Calculate p(-6).
4
Let i(d) = 2*d**3 + d - 5. Let z be i(0). Let k(a) = -5 + 20029*a + 5 - 20026*a + 0. Determine k(z).
-15
Let l(x) = 34*x - 233. Let m(n) = 5*n - 38. Let p(j) = 4*l(j) - 25*m(j). Calculate p(9).
117
Suppose 13 = 2*s - l, -3*s - 4*l + 21 = -6*l. Let c(z) = -4*z + 0*z + s*z - 2*z - 1. Give c(6).
-7
Let z = 3960 + -3960. Let i(w) be the third derivative of -16*w**2 + 0 - 1/24*w**4 + z*w + 5/3*w**3. What is i(8)?
2
Let k(b) = 11*b - 38*b**2 + 3*b - 1 + 38 - 2*b + 39*b**2. Calculate k(-7).
2
Let p(d) = -13*d**2. Let x be (-31)/((-713)/(-138)) + 0 + 8. Determine p(x).
-52
Let c(j) = -j - 22. Let t(w) = -18*w - 531. Let s(d) = -50*c(d) + 2*t(d). Calculate s(-7).
-60
Let a(c) = -c**3 + 19*c**2 - 60*c + 6. Let l be a(4). Let k(s) = -s**3 + 9*s**2 - 19*s - 5. Determine k(l).
-11
Let g(a) = a**3 - a**2 + a - 1. Suppose 19*m - 21 - 55 = 0. Let q(i) = 3*i**3 - 8*i**2 + 5*i - 1. Let u(x) = m*g(x) - q(x). Calculate u(-3).
9
Let g(o) = -1258*o - 14 + 2516*o - 1257*o. Suppose -4*t = n - 0*n + 2, -2*t = -5*n - 10. What is g(t)?
-14
Let q(h) = 7 - h**3 + 14 - 3 - 330*h - h**2 - 3*h**2 + 336*h. What is q(-4)?
-6
Let y(b) = -b**3 + b**2 + 14*b + 14. Let f(r) = -r**2 + 2*r + 3. Let k(q) = q**3 - 17*q**2 - 2*q + 28. Let d be k(17). Let s(o) = d*f(o) + y(o). What is s(3)?
38
Let q(h) = -3*h**2 - 37*h - 253. Let w(s) = -4*s**2 - 55*s - 362. Let n(l) = -7*q(l) + 5*w(l). What is n(17)?
-22
Suppose 0*n + 4 = 2*n. Let r(z) = 11*z**2 + 21*z + 2. Let d(v) = 1 - 12869*v**2 + 13*v - 3*v + 12874*v**2. Let g(j) = -13*d(j) + 6*r(j). Give g(n).
-5
Let a(x) be the second derivative of -1/2*x**2 - 11/6*x**3 - 4 - 2*x + 2/3*x**4 + 1/20*x**5. What is a(-9)?
17
Let v(m) = 8*m**2 - 180 + 9*m + 117 + 74 - m**3. Determine v(8).
83
Let u(l) = -232*l + 9. Let q(y) = 148*y - 6. Let w(p) = 8*q(p) + 5*u(p). Determine w(5).
117
Let k(s) = s**3 - 10*s**2 - 61*s + 58. Let v be k(14). Let x(u) = u**3 + 12*u**2 - 8. Determine x(v).
-8
Suppose 974 + 238 = 59*z + 42*z. Let r(s) = s**3 - 13*s**2 + 8*s + 16. What is r(z)?
-32
Let b(p) = -7*p**3 - 4*p**2 - 1. Let w be -1*(-3 - 8/(-4)). Let d(k) = 0*k**3 - k**3 - 2 + w. Let f(z) = b(z) - 6*d(z). What is f(-4)?
5
Let n(c) = c**2 - 4*c - 5. Let s(v) = 2*v + 24. Let a be s(-6). Suppose 4*t = -0*t + a. Suppose t*y - 26 = 4*z, -7*z + 5*z = 3*y - 14. Calculate n(y).
7
Let w be -8*(-5 + 2 - -2). Let a be ((-2)/3*-5)/((-1)/(-3)). Let k(c) = -a - 10 - 9 + 24 + 8*c - c**2. Determine k(w).
-5
Suppose t + 3*r = -r + 19, 2*t - 3*r = -6. Suppose 0 = 5*s + t*s - 16. Let k(l) = -l + 2*l - 5 - s. Calculate k(4).
-3
Let s(r) = -r**3 - r**2 - r + 3. Let h = 14182 - 14181. Determine s(h).
0
Suppose -18*v - 36 = 0, -c - 26 = 4*v - 19. Let m(j) = -109*j**2 - 2*j + 1. What is m(c)?
-110
Suppose 3*l = 60*l - 3*l + 324. Let f(s) = s**3 + 5*s**2 - 9*s - 9. Give f(l).
9
Let n(j) = -2*j - 22. Suppose 4*m = -u + 106 - 152, -4*u + 2*m = 40. Determine n(u).
6
Let z(b) = b**3 + 12*b**2 + b + 16. Suppose -120*d = -118*d - 6. Suppose -d*c - 48 = -12. What is z(c)?
4
Suppose 5*v + 5 = -10. Let d be ((-60)/50)/(v/10). Suppose 0*f - d = -4*f. Let b(n) = -22*n + 1. Determine b(f).
-21
Let m be ((-31)/(-2))/(3/6). Let q = m + -31. Let h(s) = -4*s + 4 - 5 + s**2 + q. What is h(5)?
4
Suppose 94 + 130 = -k. Let v be (-216)/(-14)*k/(-48). Let a = -67 + v. Let o(j) = -j**3 + 6*j**2 - 4*j + 1. Give o(a).
6
Let u(w) = -32 + 895*w**3 - 896*w**3 + 20*w**2 - 21*w + 3*w. Give u(19).
-13
Let z(v) be the first derivative of -1/2*v**3 - 5/12*v**4 - 1/20*v**5 - 18*v + 6 + 3/2*v**2. Let s(g) be the first derivative of z(g). Determine s(-4).
-1
Let i(w) = -w + 6. Let h(j) = 3*j**2 + 6*j + 2. Let x be h(6). Let p = x + -158. Let v = p + 21. What is i(v)?
-3
Let i(y) = 3660*y + 2*y**3 + 1 + 3*y**2 + 0*y**3 - 3*y**3 - 3661*y. Suppose -4*x + 2*x + 3*v - 4 = 0, -3*x - 5*v = 6. Let w be -1 - x - (1 - 2). Calculate i(w).
3
Let s(q) = 2. Let y(x) = -149*x + 4 + 76*x + 76*x. Let b(r) = 2*s(r) - y(r). Determine b(-1).
3
Let z be ((-1)/(-3))/((-1)/(-9)). Let w(q) = q**3 - 1 - 2*q**3 - 2*q + 0*q**2 + z*q**2. Let j be -7 + 245/28 - (-5)/20. Give w(j).
-1
Let r(d) be the third derivative of -23*d**4/12 - d**3/2 + 4*d**2 + 215*d. Calculate r(-2).
89
Let t(w) = w**2 + 13. Let x(r) = -9*r**2 + r - 86. Let m(z) = 8*t(z) + x(z). Determine m(5).
-2
Suppose -2*a + 6 = 0, k + 35 = 6*k + 5*a. Suppose -15*l = -k*l. Let n(o) = o**2 - o + 29. Give n(l).
29
Let y(v) = -544*v - 550*v + 59 - 564*v + 1660*v. Determine y(-9).
41
Let i(d) = -d + 1. Let r = -199 + 371. Suppose -2*k = -a - 10 - 76, -r = 2*a + 5*k. Let t = -81 - a. What is i(t)?
-4
Let a(b) be the first derivative of -b**3/3 - 9*b**2/2 + b + 50. What is a(-6)?
19
Let h be (-2352)/63*6/(-7). Suppose -36 + h = -4*u. Let f(w) = 27*w**2 - 1. What is f(u)?
26
Let a(c) = -c - 26. Let w(y) = 2*y**3 + 14*y**2 - 36*y - 13. Let o be w(-9). Calculate a(o).
-13
Let n = 76 + -62. Suppose -19*y = -n*y. Let i(k) = -1 + 0*k + 3 - k + y*k. Calculate i(-8).
10
Let x = -367 - -202. Let s be (-22)/x + (-6)/45. Let r(w) = -3*w**2 - 2*w + 10. Let b(v) = 4*v**2 + 3*v - 11. Let h(q) = 2*b(q) + 3*r(q). Give h(s).
8
Let m = 42 - 36. Suppose 3*f = 5*x + 59, f + 69 = m*f - x. Let k(h) = -h + 5 + 8 - f. What is k(1)?
-1
Let r = -186 + 182. Suppose -q + 3 = 1. Let z(d) = 3*d**3 - 5*d**q + 2*d - 8 - 4*d**3 + 19 - 5. What is z(r)?
-18
Let c(h) = -h**2 - h - 1. Let l(x) = -6*x**2 - 9*x - 9. Let s(t) = -7*c(t) + l(t). Determine s(4).
6
Suppose 130*b - 137*b = 0. Let t(a) = -13 + 16*a + b*a - 15*a. What is t(9)?
-4
Let v(y) = -y**2 - 7*y + 23. Let f = 20041 + -20046. What is v(f)?
33
Let s(l) be the first derivative of -l**4/4 + 37*l**3/3 - 51*l**2 + 2*l - 13331. Determine s(34).
2
Let g(p) = 4*p**2 + 1368 - 538 - 829 - 3*p**2 - 2*p. Let f = 6 - 5. Give g(f).
0
Let g be 5*((-4)/(-15))/(264/594). Let i(v) = 5*v - v**2 + 0*v**2 - 5 + 4. Determine i(g).
5
Let r(h) = 16*h - 15. Let k(u) = -66*u + 66. Let m(d) = -6*k(d) - 26*r(d). Calculate m(4).
-86
Suppose 17*z + 428 - 241 = 0. Let r(t) = -t**2 - 11*t - 4. Calculate r(z).
-4
Let j(k) be the second derivative of k**5/20 + k**4/2 + k**3/6 + 19*k**2/2 + 37*k - 13. Determine j(-8).
-117
Let j be ((-4 - -1)/(-6))/((-1)/(-4)). Let y(g) = 6 - 28*g**j + 50*g**2 - 23*g**2 - 10 - 3*g. What is y(-4)?
-8
Let b be (-3 - 25/(-20))/((-9)/36). Let w(t) = -2*t**3 + 12*t**2 + 9*t - 2. Give w(b).
-37
Let y(s) = -s**3 + 4*s**2 - 5*s + 1. Let a = -14269 + 14271. What is y(a)?
-1
Suppose 4*o - 2*o = 4. Suppose 9 = o*n + n. Let p(j) be the second derivative of j**4/12 - j**3/2 - 3*j**2/2 - 16205*j + 1. Calculate p(n).
-3
Let x(a) = 3*a - 2*a**2 + 4*a**2 - a**2 - 1. Let g be (-24)/(-132) + 9/11. Suppose -5*d = 21 - g. What is x(d)?
3
Let n be (-6)/(-4) + ((-374)/(-924) - (-8)/84). Let s(z) = -44*z + 75. Determine s(n).
-13
Let q(s) be the third derivative of -s**6/60 + s**5/60 - s**4/6 + s**3/3 - 3*s**2 + 62. What is q(0)?
2
Let v(g) = 3*g + 15. Suppose 0 = -2*j - 4*j - 24. Let i be v(j). Let l(u) = -u**2 - u - 1. Let d(f) = f**2 + 3